 4, what is 23030 + -2?
23022
In base 15, what is 8d - -5?
93
In base 8, what is 22 - 42?
-20
In base 12, what is 1335 + 0?
1335
In base 14, what is -1 + -278?
-279
In base 8, what is -12201 - 0?
-12201
In base 12, what is 5 + -28?
-23
In base 6, what is 4540 - 2?
4534
In base 5, what is -1 - -110?
104
In base 16, what is -6 + -6?
-c
In base 15, what is -d7 + 3?
-d4
In base 6, what is -51 + 104?
13
In base 14, what is 0 + 12a9?
12a9
In base 6, what is -3 - 14432?
-14435
In base 3, what is -10100 - 21101?
-101201
In base 9, what is -85 + -103?
-188
In base 8, what is -6 + -16?
-24
In base 13, what is -3 - -5?
2
In base 8, what is 54 - 4?
50
In base 16, what is 9 - f8?
-ef
In base 9, what is 4 + -156?
-152
In base 11, what is 5 + -70a?
-705
In base 12, what is 30 + -127?
-b7
In base 6, what is 313 + 11?
324
In base 4, what is 30 - 202?
-112
In base 9, what is -27 + 130?
102
In base 5, what is 42 + 14?
111
In base 13, what is 3 - -2aa?
2b0
In base 3, what is -200 - -2?
-121
In base 16, what is -50 - -2?
-4e
In base 9, what is 455 - 2?
453
In base 11, what is 4 + 4389?
4392
In base 16, what is 3 - 34a?
-347
In base 6, what is -1 + 11?
10
In base 2, what is -101001000100 - 100?
-101001001000
In base 14, what is 1 - -28?
29
In base 14, what is -18 + -7?
-21
In base 2, what is 10010 + -1001010101?
-1001000011
In base 2, what is -11001100 - -1?
-11001011
In base 12, what is -57 - 5?
-60
In base 7, what is 5236 + 3?
5242
In base 2, what is -111001100010 - 0?
-111001100010
In base 15, what is -5 - 26e?
-274
In base 3, what is 2112 - 2?
2110
In base 2, what is -1 - 110001?
-110010
In base 9, what is -8 - 10?
-18
In base 12, what is -283 + -4?
-287
In base 6, what is -4 - -53?
45
In base 12, what is -4 + 7b?
77
In base 9, what is 2147 - -2?
2150
In base 5, what is -1 + -204?
-210
In base 13, what is 0 - -ac?
ac
In base 11, what is -1 - -17?
16
In base 8, what is -6 + -24?
-32
In base 13, what is -2 - 7a?
-7c
In base 16, what is -3 + -a2?
-a5
In base 4, what is 1013 - -11?
1030
In base 12, what is -5 - 147?
-150
In base 16, what is -24a + -a?
-254
In base 16, what is 1 - -1?
2
In base 14, what is -1979 + 0?
-1979
In base 12, what is 1 - 1?
0
In base 11, what is -1 + 5?
4
In base 5, what is 3 - -4?
12
In base 13, what is 2 - 38?
-36
In base 14, what is -3 + -83?
-86
In base 9, what is 212 + 24?
236
In base 3, what is 1 + -2100022?
-2100021
In base 13, what is -38b - -2?
-389
In base 15, what is -77 + 10?
-67
In base 3, what is -2201 + -1020?
-10221
In base 7, what is -11043 + 10?
-11033
In base 8, what is 5 - 466?
-461
In base 8, what is 275 - -13?
310
In base 7, what is -1000 - 16?
-1016
In base 9, what is -6 - -6?
0
In base 12, what is -56a4 - 2?
-56a6
In base 6, what is -332 + -120?
-452
In base 2, what is -100 - 10111010001?
-10111010101
In base 10, what is -693 - 32?
-725
In base 11, what is -11 + 1720?
170a
In base 3, what is 2000 + -10?
1220
In base 4, what is 10 + 23?
33
In base 11, what is 2021 - 4?
2018
In base 3, what is -20 + -2202?
-2222
In base 2, what is -1 + -1010111?
-1011000
In base 4, what is 11 + 122?
133
In base 7, what is -106 - -5?
-101
In base 7, what is -24 - -5?
-16
In base 14, what is 114 + -3?
111
In base 3, what is -22220 + 2?
-22211
In base 11, what is -3 - 1142?
-1145
In base 13, what is 6 - 2ca?
-2c4
In base 7, what is -3 - -465?
462
In base 8, what is -1676 - -4?
-1672
In base 16, what is -20 - 81?
-a1
In base 12, what is 7 + 33?
3a
In base 10, what is 0 + 18?
18
In base 15, what is -a + 13?
8
In base 15, what is a - -7dc?
7e7
In base 13, what is 574 - -1?
575
In base 14, what is -22 + 1?
-21
In base 15, what is 11c3 - -5?
11c8
In base 4, what is 1 - 211?
-210
In base 2, what is -11011 + 111100100?
111001001
In base 15, what is -2 - 167?
-169
In base 6, what is 21 + -15?
2
In base 16, what is 26 + -c4?
-9e
In base 8, what is -5 + -246?
-253
In base 6, what is -220 - 10?
-230
In base 11, what is -20 + -44?
-64
In base 6, what is 35135 - -4?
35143
In base 12, what is 10 - -33?
43
In base 3, what is -20 - -2101?
2011
In base 4, what is -1123 - -23?
-1100
In base 6, what is 4 + -155?
-151
In base 16, what is 101 + -1?
100
In base 16, what is -7c + 5f?
-1d
In base 4, what is -1030011 - 3?
-1030020
In base 14, what is -2756 + 4?
-2752
In base 14, what is -15 + 13?
-2
In base 10, what is -268 + -8?
-276
In base 14, what is -2 - 6?
-8
In base 14, what is -2 - 309?
-30b
In base 8, what is -6657 - -3?
-6654
In base 3, what is -10111 + 12?
-10022
In base 15, what is 166e - 2?
166c
In base 4, what is -3232 + 1?
-3231
In base 10, what is 1750 - -5?
1755
In base 13, what is 8 - 1ba?
-1b2
In base 11, what is 3 + 128?
130
In base 10, what is -3918 + 3?
-3915
In base 14, what is -19b - 7?
-1a4
In base 7, what is -3 + -241?
-244
In base 11, what is 17321 - 4?
17318
In base 3, what is 12011 - 1?
12010
In base 6, what is 32 + -1205?
-1133
In base 5, what is 0 - 44233?
-44233
In base 10, what is -1 + 215?
214
In base 9, what is -687 - -4?
-683
In base 11, what is -4 - -29?
25
In base 12, what is -2 - -a5?
a3
In base 2, what is 1100010 - 1?
1100001
In base 9, what is -4 - -46?
42
In base 2, what is 0 - 1100101010011?
-1100101010011
In base 3, what is -11 - 1011221?
-1012002
In base 5, what is 0 + 100301?
100301
In base 2, what is -101010010 + -10?
-101010100
In base 5, what is 3 + -104130?
-104122
In base 4, what is 10 + -22311?
-22301
In base 16, what is -20 - -d?
-13
In base 16, what is -96 + 5?
-91
In base 9, what is 4 + -158?
-154
In base 10, what is 18 - -2?
20
In base 11, what is -7 + 28?
21
In base 12, what is b3 - -3?
b6
In base 15, what is -58 + -3?
-5b
In base 10, what is -5 - 8?
-13
In base 8, what is -73723 + 3?
-73720
In base 14, what is -3ba - 4?
-3c0
In base 6, what is -3 - 33?
-40
In base 15, what is 7 + -1a7?
-1a0
In base 13, what is 26 - 0?
26
In base 15, what is 229 + -a?
21e
In base 10, what is -338 - -24?
-314
In base 15, what is -3 - -3b?
38
In base 4, what is 1223 - 2?
1221
In base 2, what is 100 - -11011?
11111
In base 15, what is 9d + 8?
a6
In base 14, what is -7267 - 5?
-726c
In base 7, what is -244 + 1?
-243
In base 10, what is -15 - 24?
-39
In base 3, what is 20 + -1211?
-1121
In base 8, what is -5 - 10631?
-10636
In base 4, what is 111203 + 1?
111210
In base 9, what is 324 + -4?
320
In base 6, what is 11005 + 0?
11005
In base 2, what is 10000010001 + -1?
10000010000
In base 5, what is 4040 - 10?
4030
In base 2, what is 100010 - -101?
100111
In base 4, what is -210 + 3?
-201
In base 5, what is -3 - 141?
-144
In base 11, what is 2 - 1485?
-1483
In base 4, what is -3223 - 0?
-3223
In base 4, what is -112 - -2133?
2021
In base 6, what is -3 - -354?
351
In base 4, what is -11 - -2321?
2310
In base 7, what is 314 - 5?
306
In base 7, what is -2 + 10451?
10446
In base 14, what is 6 + -17?
-11
In base 14, what is 2 - 48?
-46
In base 3, what is -1110 + 101?
-1002
In base 7, what is -4542 + 5?
-4534
In base 6, what is 20 + 1210?
1230
In base 11, what is 0 - 94?
-94
In base 5, what is -4242 - 10?
-4302
In base 9, what is 61 - 157?
-86
In base 9, what is -10 - 1383?
-1403
In base 15, what is -1 + -4a?
-4b
In base 6, what is 1 - 1312?
-1311
In base 3, what is 10 + 112200?
112210
In base 15, what is 55 + -40?
15
In base 14, what is -23 - 7?
-2a
In base 6, what is -402 + 3?
-355
In base 14, what is -d7 - 2?
-d9
In base 3, what is -20101212 - 10?
-20101222
In base 3, what is 2 - 111102?
-111100
In base 12, what is -9 - 29?
-36
In base 11, what is 6 - -6?
11
In base 11, what is -912a - -3?
-9127
In base 12, what is -1 - 3054?
-3055
In base 12, what is -3b + -56?
-95
In base 10, what is 27 + -408?
-381
In base 3, what is -21212 + -112?
-22101
In base 15, what is 49 + 6?
50
In base 14, what is -6 + -49?
-51
In base 3, what is -1 + -22101?
-22102
In base 11, what is -12 - 0?
-12
In base 7, what is 3 + 564?
600
In base 15, what is 1 + 91d?
91e
In base 9, what is 1 + 1884?
1885
In base 12, what is 111 + 5?
116
In base 14, what is 5 + -361?
-35a
In base 12, what is 66 + -29?
39
In base 3, what is -220202 - -2?
-220200
In base 10, what is 23 - 290?
-267
In base 14, what is 17b + -1?
17a
In base 10, what is -1 - 185?
-186
In base 9, what is -3 - 305?
-308
In base 11, what is 22 - -292?
304
In base 9, what is 2407 + 4?
2412
In base 6, what